Let s be w(-2). Suppose -376 = -10*q + 124. Calculate the greatest common factor of q and s.
50
Let p be 11/(-1) - (-21 - -18). Let n be (-2 + 2 + 1)/(p/(-1664)). Calculate the greatest common divisor of 16 and n.
16
Let w(i) be the second derivative of i**4/12 - 23*i**3/6 + 27*i**2/2 - 4*i + 1. Let o be w(25). What is the highest common factor of o and 33?
11
Let t be (-385)/(-33)*108/15. Suppose 4*d - 784 = -0*d. Calculate the highest common divisor of t and d.
28
Suppose -53*s + 55*s + 6 = 0, 4*s - 25860 = -4*u. Calculate the highest common factor of 77 and u.
77
Let o be 3/(-6)*2 + 0. Let s be (-1 + 0)*o*1. Let p(g) = -122*g - 844. Let z be p(-7). What is the greatest common divisor of s and z?
1
Let f be 121/((12/10 - 0) + 349/(-1745)). Let p = -15 + 26. Calculate the highest common factor of f and p.
11
Let c = -5912 + 5932. Suppose d + 640 = 2*a - 4*d, 0 = 5*d. Calculate the greatest common factor of c and a.
20
Let a = -2988 + 2995. What is the greatest common factor of a and 10?
1
Let n = 183 + -99. Suppose -19*k + 22*k = n. What is the greatest common factor of 20 and k?
4
Let n(z) = -330*z. Let s be n(-2). Suppose -162 = -3*h - 134*u + 136*u, 0 = -2*u + 18. What is the greatest common divisor of h and s?
60
Let j(f) = -31*f + 59. Let u be j(3). Let p = u - -195. What is the highest common factor of 35 and p?
7
Let i = 30021 - 29999. What is the greatest common factor of 9845 and i?
11
Suppose 196 = 49*y + 45*y - 932. What is the greatest common divisor of y and 834?
6
Let q = 115 + -65. Let j be (750/35)/((-21)/(-245)). Calculate the greatest common divisor of j and q.
50
Suppose 2*l + 2 = 0, -8*l - 5*l = -3*y + 103. Suppose 5*j + 205 + 290 = 4*t, 9 = -3*j. Calculate the greatest common divisor of y and t.
30
Let k be (80/60*53/(-2))/((-5)/45). Calculate the greatest common factor of k and 3339.
159
Suppose -4*u - 6 = -54. Suppose 7*g - u*g = -25. Suppose p + 3*x + 2*x = 55, 5*x = -g*p + 275. Calculate the highest common divisor of 11 and p.
11
Suppose -4*f - 5*d - 1339 = 0, 4*d = -f - 129 - 192. Let c = f - -375. What is the highest common factor of 170 and c?
34
Let f = -34529 + 50177. Calculate the highest common divisor of 96 and f.
96
Let m(o) be the second derivative of -o**5/20 - 9*o**4/4 + 53*o**3/6 - 10*o**2 + 284*o. Let w be m(-29). Calculate the greatest common factor of w and 225.
25
Suppose 0 = 24*o - 22*o + v - 1074, 2685 = 5*o + 3*v. What is the highest common divisor of o and 3?
3
Suppose 0 = -3*z + 2*l + 314, 5*z = z + 2*l + 416. Suppose q - z - 60 = 0. Suppose -14*g + 6*g = -144. What is the highest common factor of q and g?
18
Let w = -216 - -270. Suppose -14*a = -786 - w. What is the highest common factor of a and 10?
10
Suppose -32*w + 695 = -4937. Let l = 191 - w. What is the highest common divisor of 465 and l?
15
Suppose 54*u - 48*u - 4*m - 1712 = 0, 5*m = 20. Calculate the greatest common factor of 198 and u.
18
Let t(z) = -128*z - 1135. Let a be t(-9). What is the highest common factor of 1751 and a?
17
Let t(w) = 25*w**2 - 46*w - 951. Let s be t(-25). Calculate the highest common divisor of s and 43.
43
Let a = 345 + -333. Suppose a*s = -55 + 127. What is the highest common divisor of 468 and s?
6
Suppose -4*p + 4262 = 2*y - 3046, 5*y + 3*p - 18256 = 0. What is the highest common factor of 146 and y?
146
Suppose -3*o + 2*k + 42 = 2*o, 3*k - 52 = -4*o. Let j be 3*(-6 - -2 - (-560)/105). What is the highest common factor of o and j?
2
Suppose -151*s + 153468 = -175*s + 111*s. What is the greatest common factor of 36 and s?
36
Let w be -3 + (-14)/7 - 12/(-2). Let k(i) = 103*i**3 - 2*i**2 + 5*i - 4. Let d be k(w). What is the highest common divisor of d and 24?
6
Let s be 2*-3*10/(-12). Suppose 3*l - 10*d + s*d - 7 = 0, 2*d - 2 = 0. Calculate the highest common divisor of 114 and l.
2
Let d be (-41)/(8*7/(-3248)). What is the highest common factor of d and 58?
58
Let f = -24 + 26. Suppose -7 - 5 = -f*s. Suppose 2*v - 4*w = 32, 0 = 3*w - 5*w + s. Calculate the greatest common divisor of v and 11.
11
Let o(p) = 2*p**2 + 35*p + 203. Let r be o(-11). Calculate the highest common divisor of 4110 and r.
30
Suppose 6*v - 7*v - 7*v = -320. Calculate the highest common divisor of v and 432.
8
Suppose -2*r + 6883 = -3*n, 42*r = 37*r + n + 17214. Calculate the highest common factor of 22 and r.
11
Let x be ((-5615)/(-35))/1 - (-3)/(-7). Suppose 4*n = -0*n + x. What is the greatest common divisor of n and 10?
10
Suppose -t + 49 = -9*x + 5*x, -2*t - 4*x + 122 = 0. Suppose -t = 14*p - 155. Calculate the highest common factor of p and 427.
7
Let n(l) = 2*l**3 + 3*l**2 + 26*l - 83. Let z be n(5). Calculate the highest common divisor of 930 and z.
186
Let x be -2 - -4 - (-55 - 0 - -6). Let y = 81 - x. What is the greatest common divisor of 190 and y?
10
Suppose -5*h + 239 = 4*s, 0*s = -2*s + 5*h + 97. Let f = 256 + s. Calculate the highest common factor of 24 and f.
24
Let l(c) = 2*c + 15. Let p be l(-3). Let a be 44/3 + (-6)/p. What is the greatest common factor of a and 28?
14
Suppose 58 = 30*w - 2. Suppose p + 22 = 2*h, 4*h = w*h - 4*p + 32. What is the greatest common factor of 12 and h?
12
Let u = -5758 - -6253. What is the highest common factor of u and 9?
9
Let s(f) = -6*f**3 - 18*f**2 + 7*f + 26. Let v be s(-11). What is the greatest common divisor of 57 and v?
57
Let x be 1 + (3 + -2)*1. Suppose -x*j = -50 + 52, -4*o = 4*j - 108. What is the greatest common divisor of o and 14?
14
Let w(c) = -11*c + 6. Let f be w(-6). Suppose -669 = 29*v - 33*v + 3*o, -3*v + 508 = 4*o. Calculate the greatest common factor of f and v.
24
Let q be ((-3464)/4 + 5)*(-4)/12. Let k = q + -286. What is the greatest common divisor of k and 7?
1
Let s(j) = 863*j + 5. Let m be s(2). Suppose 401 = -7*g + m. What is the highest common divisor of g and 20?
10
Let s(z) = -75*z**3 - 2*z**2 + 2*z - 1. Let f be s(1). Let y = f + 94. Suppose -415 = -5*p - 100. Calculate the greatest common divisor of p and y.
9
Let h = 3316 - 2744. Calculate the highest common divisor of 52 and h.
52
Suppose -6*z - 1560 = -18*z. Let k be 88*(-2 + (-7)/14)/(-2). What is the highest common factor of z and k?
10
Let u(k) = -15*k - 914. Let g be u(-70). Calculate the greatest common factor of g and 152.
8
Suppose 34*a = 37*a + 2*n - 3482, 5*n = -25. What is the highest common factor of a and 24?
12
Let g = 1785 + -1055. Calculate the highest common divisor of 150 and g.
10
Let s = -23 + 17. Let z be (-8)/s*(-12)/(-8). Suppose 4*w - z*p - 105 = p, 5*w = 2*p + 140. Calculate the highest common divisor of 6 and w.
6
Let m(o) = 312*o**2. Let s be m(1). Let u(h) = 21*h + 90. Let a be u(-4). Let d be (a/(-8))/((-2186)/s - -7). Calculate the highest common divisor of d and 9.
9
Let a = 13 + -9. Suppose z - a = 28. Let w = -6730 - -6746. Calculate the highest common divisor of w and z.
16
Let b(v) = -4*v**2 - 445*v - 2156. Let t be b(-106). Calculate the highest common divisor of 56 and t.
14
Let o(d) = 2*d**2 + 53*d - 426. Let h be o(35). Calculate the highest common factor of 27 and h.
9
Suppose 7*i - 9373 = 20*i. Let d = i - -818. Calculate the highest common divisor of d and 1067.
97
Let a(m) = -m**2 + 18*m + 23. Let q be a(15). Suppose y + 11 = q. What is the highest common factor of 19 and y?
19
Suppose 2*l - l = 79. Let w = -68 + l. Let j = -122 - -210. Calculate the greatest common divisor of w and j.
11
Let i = 669 + 7261. What is the highest common factor of 65 and i?
65
Suppose 7*c + 9 + 26 = 0. Let l be 10*((-18)/(-6) - c). What is the highest common divisor of 180 and l?
20
Let t(o) = 9*o**2 - 2*o - 132. Let h be t(-12). Calculate the greatest common divisor of h and 702.
54
Let w(f) be the first derivative of -f**2/2 + 20*f - 2. Suppose -1484*u + 1489*u = 85. Let s be w(u). What is the highest common divisor of 36 and s?
3
Let q(a) = 104*a**3 - 16*a**2 + 16*a + 43. Let f be q(3). Calculate the greatest common divisor of f and 29.
29
Let j(k) = -k**3 - 14*k**2 - 55*k - 16. Let o be j(-8). What is the highest common factor of 1032 and o?
8
Let m(r) be the second derivative of -r**4/12 + 37*r**3/6 + 63*r**2 - 13*r. Let p be m(40). Calculate the greatest common factor of p and 58.
2
Let p be 1*2/(-4)*-156. Let g(l) = -3*l**3 - 101*l**2 - 67*l + 84. Let i be g(-33). 